{"id":21,"date":"2025-05-20T11:36:56","date_gmt":"2025-05-20T11:36:56","guid":{"rendered":"https:\/\/projetstage.fchamard.dev-campus.fr\/?page_id=21"},"modified":"2025-05-21T12:36:02","modified_gmt":"2025-05-21T12:36:02","slug":"notre-histoire","status":"publish","type":"page","link":"https:\/\/projetstage.fchamard.dev-campus.fr\/index.php\/notre-histoire\/","title":{"rendered":"Notre Histoire"},"content":{"rendered":"\n<div class=\"wp-block-group alignfull has-global-padding is-layout-constrained wp-container-core-group-is-layout-0c9c989a wp-block-group-is-layout-constrained\" style=\"min-height:0vh;margin-top:0;margin-bottom:0;padding-top:var(--wp--preset--spacing--70);padding-right:var(--wp--preset--spacing--40);padding-bottom:var(--wp--preset--spacing--70);padding-left:var(--wp--preset--spacing--40)\"><\/div>\n\n\n\n<div class=\"wp-block-group alignfull is-style-section-1 has-global-padding is-layout-constrained wp-block-group-is-layout-constrained is-style-section-1--1\" style=\"margin-top:0;margin-bottom:0;padding-top:var(--wp--preset--spacing--80);padding-bottom:var(--wp--preset--spacing--80)\">\n<div class=\"wp-block-columns alignwide is-layout-flex wp-container-core-columns-is-layout-66fad18a wp-block-columns-is-layout-flex\">\n<div class=\"wp-block-column is-layout-flow wp-block-column-is-layout-flow\" style=\"padding-right:var(--wp--preset--spacing--50);flex-basis:45%\">\n<figure class=\"wp-block-image size-full\"><img decoding=\"async\" src=\"https:\/\/projetstage.fchamard.dev-campus.fr\/wp-content\/themes\/twentytwentyfive\/assets\/images\/red-hibiscus-closeup.webp\" alt=\"Photographie en gros plan d\u2019une fleur rouge.\"\/><\/figure>\n\n\n\n<div class=\"wp-block-group has-global-padding is-layout-constrained wp-block-group-is-layout-constrained\" style=\"margin-top:-12vw\">\n<figure class=\"wp-block-image alignright size-full is-resized\" style=\"margin-right:-5vw;margin-left:-5vw\"><img decoding=\"async\" src=\"https:\/\/projetstage.fchamard.dev-campus.fr\/wp-content\/themes\/twentytwentyfive\/assets\/images\/grid-flower-2.webp\" alt=\"Photographie en noir et blanc en gros plan d\u2019une fleur.\" style=\"width:202px\"\/><\/figure>\n<\/div>\n<\/div>\n\n\n\n<div class=\"wp-block-column is-vertically-aligned-center is-layout-flow wp-block-column-is-layout-flow\" style=\"padding-right:0;padding-left:0;flex-basis:50%\">\n<div class=\"wp-block-group is-vertical is-layout-flex wp-container-core-group-is-layout-fe9cc265 wp-block-group-is-layout-flex\">\n<h2 class=\"wp-block-heading is-style-text-annotation is-style-text-annotation--2\">\u00c0 propos<\/h2>\n<\/div>\n\n\n\n<p class=\"is-style-text-subtitle is-style-text-subtitle--3\">C\u2019est \u00e0 l\u2019occasion d\u2019un voyage en Angleterre en 1786 que le jeune S\u00e9raphin Parys, \u00e0 peine<br>\u00e2g\u00e9 de 20 ans, rencontre l\u2019industriel Joseph Storrs Fry, inventeur de g\u00e9nie qui venait de<br>faire naitre la passion du chocolat \u00e0 travers toute l\u2019Europe !<br><\/p>\n<\/div>\n<\/div>\n<\/div>\n\n\n\n<div class=\"wp-block-group alignfull has-global-padding is-layout-constrained wp-container-core-group-is-layout-ebee8dc1 wp-block-group-is-layout-constrained\" style=\"margin-top:0;margin-bottom:0;padding-top:var(--wp--preset--spacing--50);padding-bottom:var(--wp--preset--spacing--50)\">\n<h2 class=\"wp-block-heading alignwide\">Nos services<\/h2>\n\n\n\n<div class=\"wp-block-columns alignwide is-layout-flex wp-container-core-columns-is-layout-28f84493 wp-block-columns-is-layout-flex\">\n<div class=\"wp-block-column is-layout-flow wp-block-column-is-layout-flow\">\n<figure class=\"wp-block-image size-full\" style=\"margin-bottom:24px\"><img loading=\"lazy\" decoding=\"async\" width=\"1709\" height=\"2560\" src=\"https:\/\/projetstage.fchamard.dev-campus.fr\/wp-content\/uploads\/2025\/05\/chocolat1-scaled.jpg\" alt=\"\" class=\"wp-image-60\" style=\"aspect-ratio:4\/3;object-fit:cover\" srcset=\"https:\/\/projetstage.fchamard.dev-campus.fr\/wp-content\/uploads\/2025\/05\/chocolat1-scaled.jpg 1709w, https:\/\/projetstage.fchamard.dev-campus.fr\/wp-content\/uploads\/2025\/05\/chocolat1-200x300.jpg 200w, https:\/\/projetstage.fchamard.dev-campus.fr\/wp-content\/uploads\/2025\/05\/chocolat1-684x1024.jpg 684w, https:\/\/projetstage.fchamard.dev-campus.fr\/wp-content\/uploads\/2025\/05\/chocolat1-768x1150.jpg 768w, https:\/\/projetstage.fchamard.dev-campus.fr\/wp-content\/uploads\/2025\/05\/chocolat1-1025x1536.jpg 1025w, https:\/\/projetstage.fchamard.dev-campus.fr\/wp-content\/uploads\/2025\/05\/chocolat1-1367x2048.jpg 1367w\" sizes=\"auto, (max-width: 1709px) 100vw, 1709px\" \/><\/figure>\n\n\n\n<h3 class=\"wp-block-heading\">Collecte du cacao<\/h3>\n\n\n\n<p class=\"has-medium-font-size\">Dans les r\u00e9gions tropicales, comme la C\u00f4te d\u2019Ivoire ou le P\u00e9rou, les cacaoculteurs r\u00e9coltent les cabosses \u00e0 la main. Ces fruits, qui poussent directement sur le tronc du cacaoyer, renferment les fameuses f\u00e8ves de cacao.<\/p>\n<\/div>\n\n\n\n<div class=\"wp-block-column is-layout-flow wp-block-column-is-layout-flow\">\n<figure class=\"wp-block-image size-full\" style=\"margin-bottom:24px\"><img loading=\"lazy\" decoding=\"async\" width=\"1707\" height=\"2560\" src=\"https:\/\/projetstage.fchamard.dev-campus.fr\/wp-content\/uploads\/2025\/05\/fabrique-de-choco-scaled.jpg\" alt=\"\" class=\"wp-image-58\" style=\"aspect-ratio:4\/3;object-fit:cover\" srcset=\"https:\/\/projetstage.fchamard.dev-campus.fr\/wp-content\/uploads\/2025\/05\/fabrique-de-choco-scaled.jpg 1707w, https:\/\/projetstage.fchamard.dev-campus.fr\/wp-content\/uploads\/2025\/05\/fabrique-de-choco-200x300.jpg 200w, https:\/\/projetstage.fchamard.dev-campus.fr\/wp-content\/uploads\/2025\/05\/fabrique-de-choco-683x1024.jpg 683w, https:\/\/projetstage.fchamard.dev-campus.fr\/wp-content\/uploads\/2025\/05\/fabrique-de-choco-768x1152.jpg 768w, https:\/\/projetstage.fchamard.dev-campus.fr\/wp-content\/uploads\/2025\/05\/fabrique-de-choco-1024x1536.jpg 1024w, https:\/\/projetstage.fchamard.dev-campus.fr\/wp-content\/uploads\/2025\/05\/fabrique-de-choco-1365x2048.jpg 1365w\" sizes=\"auto, (max-width: 1707px) 100vw, 1707px\" \/><\/figure>\n\n\n\n<h3 class=\"wp-block-heading\">Fabrication du chocolat<\/h3>\n\n\n\n<p class=\"has-medium-font-size\">Les f\u00e8ves s\u00e9ch\u00e9es sont envoy\u00e9es \u00e0 l\u2019usine, o\u00f9 elles sont d\u2019abord nettoy\u00e9es puis torr\u00e9fi\u00e9es. On retire ensuite leur coque pour ne garder que la partie comestible : le gru\u00e9 de cacao. Celui-ci est broy\u00e9 pour obtenir une p\u00e2te fluide appel\u00e9e liqueur de cacao.<\/p>\n<\/div>\n\n\n\n<div class=\"wp-block-column is-layout-flow wp-block-column-is-layout-flow\">\n<figure class=\"wp-block-image size-full\" style=\"margin-bottom:24px\"><img loading=\"lazy\" decoding=\"async\" width=\"1707\" height=\"2560\" src=\"https:\/\/projetstage.fchamard.dev-campus.fr\/wp-content\/uploads\/2025\/05\/chocolat3-scaled.jpg\" alt=\"\" class=\"wp-image-63\" style=\"aspect-ratio:4\/3;object-fit:cover\" srcset=\"https:\/\/projetstage.fchamard.dev-campus.fr\/wp-content\/uploads\/2025\/05\/chocolat3-scaled.jpg 1707w, https:\/\/projetstage.fchamard.dev-campus.fr\/wp-content\/uploads\/2025\/05\/chocolat3-200x300.jpg 200w, https:\/\/projetstage.fchamard.dev-campus.fr\/wp-content\/uploads\/2025\/05\/chocolat3-683x1024.jpg 683w, https:\/\/projetstage.fchamard.dev-campus.fr\/wp-content\/uploads\/2025\/05\/chocolat3-768x1152.jpg 768w, https:\/\/projetstage.fchamard.dev-campus.fr\/wp-content\/uploads\/2025\/05\/chocolat3-1024x1536.jpg 1024w, https:\/\/projetstage.fchamard.dev-campus.fr\/wp-content\/uploads\/2025\/05\/chocolat3-1365x2048.jpg 1365w\" sizes=\"auto, (max-width: 1707px) 100vw, 1707px\" \/><\/figure>\n\n\n\n<h3 class=\"wp-block-heading\">Vente et livraison<\/h3>\n\n\n\n<p class=\"has-medium-font-size\">Une fois le chocolat pr\u00eat, il est emball\u00e9 avec soin et exp\u00e9di\u00e9 vers les magasins, les chocolateries artisanales ou directement chez les clients via des boutiques en ligne. Le transport est souvent r\u00e9alis\u00e9 dans des camions r\u00e9frig\u00e9r\u00e9s pour pr\u00e9server la qualit\u00e9 du produit.<\/p>\n<\/div>\n<\/div>\n<\/div>\n\n\n\n<div class=\"wp-block-group alignfull has-global-padding is-layout-constrained wp-block-group-is-layout-constrained\" style=\"margin-top:0;margin-bottom:0;padding-top:var(--wp--preset--spacing--60);padding-bottom:var(--wp--preset--spacing--60)\">\n<div class=\"wp-block-columns alignwide is-layout-flex wp-container-core-columns-is-layout-74b2cda3 wp-block-columns-is-layout-flex\">\n<div class=\"wp-block-column is-layout-flow wp-block-column-is-layout-flow\">\n<p>L\u2019entreprise \u00ab S\u00e9raphin Parys \u00bb a pour activit\u00e9 premi\u00e8re la production d\u2019une large gamme de sucreries raffin\u00e9es. Son march\u00e9 est principalement r\u00e9gional et constitu\u00e9 d\u2019enseignes professionnelles (revendeurs) depuis la relance de la marque \u00ab S\u00e9raphin Parys \u00bb. <\/p>\n\n\n\n<div style=\"height:100px\" aria-hidden=\"true\" class=\"wp-block-spacer\"><\/div>\n\n\n\n<p>Un r\u00e9seau de distribution sp\u00e9cifique professionnel est d\u00e9j\u00e0 \u00e9tabli.<br>Parall\u00e8lement, SP cherche \u00e0 accroitre son activit\u00e9 avec la distribution de produits de partenaires. <\/p>\n\n\n\n<div style=\"height:100px\" aria-hidden=\"true\" class=\"wp-block-spacer\"><\/div>\n\n\n\n<p>Un poste d\u2019assistant des achats a \u00e9t\u00e9 cr\u00e9\u00e9 r\u00e9cemment pour accompagner ce<br>d\u00e9veloppement.<br>Par ailleurs, les deux espaces de vente directe accueillent maintenant une client\u00e8le \u00e9largie<br>aux particuliers.<\/p>\n<\/div>\n\n\n\n<div class=\"wp-block-column is-layout-flow wp-block-column-is-layout-flow\" style=\"padding-top:0;padding-right:0;padding-bottom:0;padding-left:0\">\n<figure class=\"wp-block-image size-large\"><img decoding=\"async\" src=\"https:\/\/projetstage.fchamard.dev-campus.fr\/wp-content\/themes\/twentytwentyfive\/assets\/images\/typewriter.webp\" alt=\"Image d\u2019une personne tapant sur une machine \u00e0 \u00e9crire.\" style=\"aspect-ratio:1;object-fit:cover\"\/><\/figure>\n<\/div>\n<\/div>\n<\/div>\n","protected":false},"excerpt":{"rendered":"<p>\u00c0 propos C\u2019est \u00e0 l\u2019occasion d\u2019un voyage en Angleterre en 1786 que le jeune S\u00e9raphin Parys, \u00e0 peine\u00e2g\u00e9 de 20 ans, rencontre l\u2019industriel Joseph Storrs Fry, inventeur de g\u00e9nie qui venait defaire naitre la passion du chocolat \u00e0 travers toute l\u2019Europe ! Nos services Collecte du cacao Dans les r\u00e9gions tropicales, comme la C\u00f4te d\u2019Ivoire [&hellip;]<\/p>\n","protected":false},"author":1,"featured_media":0,"parent":0,"menu_order":0,"comment_status":"closed","ping_status":"closed","template":"","meta":{"footnotes":""},"class_list":["post-21","page","type-page","status-publish","hentry"],"_links":{"self":[{"href":"https:\/\/projetstage.fchamard.dev-campus.fr\/index.php\/wp-json\/wp\/v2\/pages\/21","targetHints":{"allow":["GET"]}}],"collection":[{"href":"https:\/\/projetstage.fchamard.dev-campus.fr\/index.php\/wp-json\/wp\/v2\/pages"}],"about":[{"href":"https:\/\/projetstage.fchamard.dev-campus.fr\/index.php\/wp-json\/wp\/v2\/types\/page"}],"author":[{"embeddable":true,"href":"https:\/\/projetstage.fchamard.dev-campus.fr\/index.php\/wp-json\/wp\/v2\/users\/1"}],"replies":[{"embeddable":true,"href":"https:\/\/projetstage.fchamard.dev-campus.fr\/index.php\/wp-json\/wp\/v2\/comments?post=21"}],"version-history":[{"count":8,"href":"https:\/\/projetstage.fchamard.dev-campus.fr\/index.php\/wp-json\/wp\/v2\/pages\/21\/revisions"}],"predecessor-version":[{"id":114,"href":"https:\/\/projetstage.fchamard.dev-campus.fr\/index.php\/wp-json\/wp\/v2\/pages\/21\/revisions\/114"}],"wp:attachment":[{"href":"https:\/\/projetstage.fchamard.dev-campus.fr\/index.php\/wp-json\/wp\/v2\/media?parent=21"}],"curies":[{"name":"wp","href":"https:\/\/api.w.org\/{rel}","templated":true}]}}